{"id":112810,"date":"2026-09-04T07:49:40","date_gmt":"2026-09-04T07:49:40","guid":{"rendered":"https:\/\/xtreme4x4.pl\/produkt\/dokladki-boczne-progow-z-przedluzeniami-paki-air-design\/"},"modified":"2026-09-04T07:49:41","modified_gmt":"2026-09-04T07:49:41","slug":"dokladki-boczne-progow-z-przedluzeniami-paki-air-design","status":"publish","type":"product","link":"https:\/\/xtreme4x4.pl\/en\/product\/dokladki-boczne-progow-z-przedluzeniami-paki-air-design\/","title":{"rendered":"Air Design side skirts with boot extensions"},"content":{"rendered":"<ul>\n<li>Materia\u0142: elastomerowy poliuretan o wysokiej g\u0119sto\u015bci<\/li>\n<li>Zestaw sk\u0142adaj\u0105cy si\u0119 z sze\u015bciu element\u00f3w<\/li>\n<li>Dok\u0142adki boczne prog\u00f3w z przed\u0142u\u017ceniami paki<\/li>\n<li>G\u00f3rne powierzchnie pokryte szarym podk\u0142adem przygotowanym do lakierowania<\/li>\n<li>Dolne powierzchnie wyko\u0144czone w satynowej czerni<\/li>\n<li>Elastyczna i odporna na uderzenia konstrukcja<\/li>\n<li>Mo\u017cliwo\u015b\u0107 lakierowania w kolorze nadwozia<\/li>\n<li>Monta\u017c za pomoc\u0105 dwustronnej ta\u015bmy piankowej 3M i kleju PUR<\/li>\n<li>Klipsy i elementy mocuj\u0105ce zabezpieczone przed korozj\u0105<\/li>\n<li>Monta\u017c bez wiercenia w metalowych elementach nadwozia<\/li>\n<li>Mo\u017cliwo\u015b\u0107 p\u00f3\u017aniejszego demonta\u017cu<\/li>\n<\/ul>\n<p><strong>Included in the set:<\/strong><\/p>\n<ul>\n<li>Prawa dok\u0142adka boczna progu<\/li>\n<li>Lewa dok\u0142adka boczna progu<\/li>\n<li>Prawa sekcja przed\u0142u\u017caj\u0105ca<\/li>\n<li>Lewa sekcja przed\u0142u\u017caj\u0105ca<\/li>\n<li>Prawe przed\u0142u\u017cenie przy pace<\/li>\n<li>Lewe przed\u0142u\u017cenie przy pace<\/li>\n<li>Mounting kit<\/li>\n<li>Assembly instructions<\/li>\n<\/ul>\n<p><strong>Comments:<\/strong><\/p>\n<ul>\n<li>It suits <b>Just<\/b> do modeli Crew Cab z kr\u00f3tk\u0105 pak\u0105<\/li>\n<li>G\u00f3rne powierzchnie s\u0105 pokryte szarym podk\u0142adem przygotowanym do lakierowania<\/li>\n<li>Monta\u017c mo\u017ce wymaga\u0107 wiercenia wy\u0142\u0105cznie w dolnych elementach plastikowych<\/li>\n<li>Przed monta\u017cem nale\u017cy dok\u0142adnie oczy\u015bci\u0107 i odt\u0142u\u015bci\u0107 powierzchnie nadwozia<\/li>\n<li>Przed przyklejeniem nale\u017cy sprawdzi\u0107 prawid\u0142owe ustawienie wszystkich element\u00f3w<\/li>\n<li>W przypadku lakierowania powierzchni\u0119 nale\u017cy wcze\u015bniej odpowiednio zmatowi\u0107<\/li>\n<\/ul>","protected":false},"excerpt":{"rendered":"<p>Materia\u0142: elastomerowy poliuretan o wysokiej g\u0119sto\u015bci Zestaw sk\u0142adaj\u0105cy si\u0119 z sze\u015bciu element\u00f3w Dok\u0142adki boczne prog\u00f3w z przed\u0142u\u017ceniami paki G\u00f3rne powierzchnie pokryte szarym podk\u0142adem przygotowanym do lakierowania Dolne powierzchnie wyko\u0144czone w satynowej czerni Elastyczna i odporna na uderzenia konstrukcja Mo\u017cliwo\u015b\u0107 lakierowania w kolorze nadwozia Monta\u017c za pomoc\u0105 dwustronnej ta\u015bmy piankowej 3M i kleju PUR Klipsy i<\/p>\n<div class=\"klb-readmore button\"><a class=\"btn link\" href=\"https:\/\/xtreme4x4.pl\/en\/product\/dokladki-boczne-progow-z-przedluzeniami-paki-air-design\/\">Read More <i class=\"klbth-icon-right-arrow\"><\/i><\/a><\/div>","protected":false},"featured_media":121229,"template":"","meta":[],"product_brand":[],"product_cat":[630,611,559],"product_tag":[],"class_list":["post-112810","product","type-product","status-publish","has-post-thumbnail","product_cat-akcesoria-paki","product_cat-body-kity","product_cat-oslony","first","outofstock","shipping-taxable","purchasable","product-type-simple"],"yoast_head":"<!-- This site is optimized with the Yoast SEO plugin v28.4 - https:\/\/yoast.com\/product\/yoast-seo-wordpress\/ -->\n<title>Dok\u0142adki boczne prog\u00f3w z przed\u0142u\u017ceniami paki Air Design - Sklep Xtreme 4x4<\/title>\n<meta name=\"description\" content=\"Dok\u0142adki boczne prog\u00f3w z przed\u0142u\u017ceniami paki Air Design do kupienia w naszym sklepie. Sprawd\u017a!\" \/>\n<meta name=\"robots\" content=\"index, follow, max-snippet:-1, max-image-preview:large, max-video-preview:-1\" \/>\n<link rel=\"canonical\" href=\"https:\/\/xtreme4x4.pl\/en\/product\/dokladki-boczne-progow-z-przedluzeniami-paki-air-design\/\" \/>\n<meta property=\"og:locale\" content=\"en_GB\" \/>\n<meta property=\"og:type\" content=\"article\" \/>\n<meta property=\"og:title\" content=\"Dok\u0142adki boczne prog\u00f3w z przed\u0142u\u017ceniami paki Air Design - Sklep Xtreme 4x4\" \/>\n<meta property=\"og:description\" content=\"Dok\u0142adki boczne prog\u00f3w z przed\u0142u\u017ceniami paki Air Design do kupienia w naszym sklepie. Sprawd\u017a!\" \/>\n<meta property=\"og:url\" content=\"https:\/\/xtreme4x4.pl\/en\/product\/dokladki-boczne-progow-z-przedluzeniami-paki-air-design\/\" \/>\n<meta property=\"og:site_name\" content=\"Xtreme 4x4\" \/>\n<meta property=\"article:modified_time\" content=\"2026-09-04T07:49:41+00:00\" \/>\n<script type=\"application\/ld+json\" class=\"yoast-schema-graph\">{\"@context\":\"https:\\\/\\\/schema.org\",\"@graph\":[{\"@type\":\"WebPage\",\"@id\":\"https:\\\/\\\/xtreme4x4.pl\\\/produkt\\\/dokladki-boczne-progow-z-przedluzeniami-paki-air-design\\\/\",\"url\":\"https:\\\/\\\/xtreme4x4.pl\\\/produkt\\\/dokladki-boczne-progow-z-przedluzeniami-paki-air-design\\\/\",\"name\":\"Dok\u0142adki boczne prog\u00f3w z przed\u0142u\u017ceniami paki Air Design - Sklep Xtreme 4x4\",\"isPartOf\":{\"@id\":\"https:\\\/\\\/xtreme4x4.pl\\\/#website\"},\"primaryImageOfPage\":{\"@id\":\"https:\\\/\\\/xtreme4x4.pl\\\/produkt\\\/dokladki-boczne-progow-z-przedluzeniami-paki-air-design\\\/#primaryimage\"},\"image\":{\"@id\":\"https:\\\/\\\/xtreme4x4.pl\\\/produkt\\\/dokladki-boczne-progow-z-przedluzeniami-paki-air-design\\\/#primaryimage\"},\"thumbnailUrl\":\"https:\\\/\\\/xtreme4x4.pl\\\/wp-content\\\/uploads\\\/2026\\\/09\\\/dokladki-boczne-progow-z-przedluzeniami-paki-air-design.jpg\",\"datePublished\":\"2026-09-04T07:49:40+00:00\",\"dateModified\":\"2026-09-04T07:49:41+00:00\",\"description\":\"Dok\u0142adki boczne prog\u00f3w z przed\u0142u\u017ceniami paki Air Design do kupienia w naszym sklepie. Sprawd\u017a!\",\"breadcrumb\":{\"@id\":\"https:\\\/\\\/xtreme4x4.pl\\\/produkt\\\/dokladki-boczne-progow-z-przedluzeniami-paki-air-design\\\/#breadcrumb\"},\"inLanguage\":\"en-GB\",\"potentialAction\":[{\"@type\":\"ReadAction\",\"target\":[\"https:\\\/\\\/xtreme4x4.pl\\\/produkt\\\/dokladki-boczne-progow-z-przedluzeniami-paki-air-design\\\/\"]}]},{\"@type\":\"ImageObject\",\"inLanguage\":\"en-GB\",\"@id\":\"https:\\\/\\\/xtreme4x4.pl\\\/produkt\\\/dokladki-boczne-progow-z-przedluzeniami-paki-air-design\\\/#primaryimage\",\"url\":\"https:\\\/\\\/xtreme4x4.pl\\\/wp-content\\\/uploads\\\/2026\\\/09\\\/dokladki-boczne-progow-z-przedluzeniami-paki-air-design.jpg\",\"contentUrl\":\"https:\\\/\\\/xtreme4x4.pl\\\/wp-content\\\/uploads\\\/2026\\\/09\\\/dokladki-boczne-progow-z-przedluzeniami-paki-air-design.jpg\",\"width\":1024,\"height\":1024},{\"@type\":\"BreadcrumbList\",\"@id\":\"https:\\\/\\\/xtreme4x4.pl\\\/produkt\\\/dokladki-boczne-progow-z-przedluzeniami-paki-air-design\\\/#breadcrumb\",\"itemListElement\":[{\"@type\":\"ListItem\",\"position\":1,\"name\":\"Strona g\u0142\u00f3wna\",\"item\":\"https:\\\/\\\/xtreme4x4.pl\\\/\"},{\"@type\":\"ListItem\",\"position\":2,\"name\":\"Sklep\",\"item\":\"https:\\\/\\\/xtreme4x4.pl\\\/sklep\\\/\"},{\"@type\":\"ListItem\",\"position\":3,\"name\":\"Dok\u0142adki boczne prog\u00f3w z przed\u0142u\u017ceniami paki Air Design\"}]},{\"@type\":\"WebSite\",\"@id\":\"https:\\\/\\\/xtreme4x4.pl\\\/#website\",\"url\":\"https:\\\/\\\/xtreme4x4.pl\\\/\",\"name\":\"Xtreme 4x4\",\"description\":\"\",\"potentialAction\":[{\"@type\":\"SearchAction\",\"target\":{\"@type\":\"EntryPoint\",\"urlTemplate\":\"https:\\\/\\\/xtreme4x4.pl\\\/?s={search_term_string}\"},\"query-input\":{\"@type\":\"PropertyValueSpecification\",\"valueRequired\":true,\"valueName\":\"search_term_string\"}}],\"inLanguage\":\"en-GB\"}]}<\/script>\n<!-- \/ Yoast SEO plugin. -->","yoast_head_json":{"title":"Dok\u0142adki boczne prog\u00f3w z przed\u0142u\u017ceniami paki Air Design - Sklep Xtreme 4x4","description":"Dok\u0142adki boczne prog\u00f3w z przed\u0142u\u017ceniami paki Air Design do kupienia w naszym sklepie. Sprawd\u017a!","robots":{"index":"index","follow":"follow","max-snippet":"max-snippet:-1","max-image-preview":"max-image-preview:large","max-video-preview":"max-video-preview:-1"},"canonical":"https:\/\/xtreme4x4.pl\/en\/product\/dokladki-boczne-progow-z-przedluzeniami-paki-air-design\/","og_locale":"en_GB","og_type":"article","og_title":"Dok\u0142adki boczne prog\u00f3w z przed\u0142u\u017ceniami paki Air Design - Sklep Xtreme 4x4","og_description":"Dok\u0142adki boczne prog\u00f3w z przed\u0142u\u017ceniami paki Air Design do kupienia w naszym sklepie. Sprawd\u017a!","og_url":"https:\/\/xtreme4x4.pl\/en\/product\/dokladki-boczne-progow-z-przedluzeniami-paki-air-design\/","og_site_name":"Xtreme 4x4","article_modified_time":"2026-09-04T07:49:41+00:00","schema":{"@context":"https:\/\/schema.org","@graph":[{"@type":"WebPage","@id":"https:\/\/xtreme4x4.pl\/produkt\/dokladki-boczne-progow-z-przedluzeniami-paki-air-design\/","url":"https:\/\/xtreme4x4.pl\/produkt\/dokladki-boczne-progow-z-przedluzeniami-paki-air-design\/","name":"Dok\u0142adki boczne prog\u00f3w z przed\u0142u\u017ceniami paki Air Design - Sklep Xtreme 4x4","isPartOf":{"@id":"https:\/\/xtreme4x4.pl\/#website"},"primaryImageOfPage":{"@id":"https:\/\/xtreme4x4.pl\/produkt\/dokladki-boczne-progow-z-przedluzeniami-paki-air-design\/#primaryimage"},"image":{"@id":"https:\/\/xtreme4x4.pl\/produkt\/dokladki-boczne-progow-z-przedluzeniami-paki-air-design\/#primaryimage"},"thumbnailUrl":"https:\/\/xtreme4x4.pl\/wp-content\/uploads\/2026\/09\/dokladki-boczne-progow-z-przedluzeniami-paki-air-design.jpg","datePublished":"2026-09-04T07:49:40+00:00","dateModified":"2026-09-04T07:49:41+00:00","description":"Dok\u0142adki boczne prog\u00f3w z przed\u0142u\u017ceniami paki Air Design do kupienia w naszym sklepie. Sprawd\u017a!","breadcrumb":{"@id":"https:\/\/xtreme4x4.pl\/produkt\/dokladki-boczne-progow-z-przedluzeniami-paki-air-design\/#breadcrumb"},"inLanguage":"en-GB","potentialAction":[{"@type":"ReadAction","target":["https:\/\/xtreme4x4.pl\/produkt\/dokladki-boczne-progow-z-przedluzeniami-paki-air-design\/"]}]},{"@type":"ImageObject","inLanguage":"en-GB","@id":"https:\/\/xtreme4x4.pl\/produkt\/dokladki-boczne-progow-z-przedluzeniami-paki-air-design\/#primaryimage","url":"https:\/\/xtreme4x4.pl\/wp-content\/uploads\/2026\/09\/dokladki-boczne-progow-z-przedluzeniami-paki-air-design.jpg","contentUrl":"https:\/\/xtreme4x4.pl\/wp-content\/uploads\/2026\/09\/dokladki-boczne-progow-z-przedluzeniami-paki-air-design.jpg","width":1024,"height":1024},{"@type":"BreadcrumbList","@id":"https:\/\/xtreme4x4.pl\/produkt\/dokladki-boczne-progow-z-przedluzeniami-paki-air-design\/#breadcrumb","itemListElement":[{"@type":"ListItem","position":1,"name":"Strona g\u0142\u00f3wna","item":"https:\/\/xtreme4x4.pl\/"},{"@type":"ListItem","position":2,"name":"Sklep","item":"https:\/\/xtreme4x4.pl\/sklep\/"},{"@type":"ListItem","position":3,"name":"Dok\u0142adki boczne prog\u00f3w z przed\u0142u\u017ceniami paki Air Design"}]},{"@type":"WebSite","@id":"https:\/\/xtreme4x4.pl\/#website","url":"https:\/\/xtreme4x4.pl\/","name":"Xtreme 4x4","description":"","potentialAction":[{"@type":"SearchAction","target":{"@type":"EntryPoint","urlTemplate":"https:\/\/xtreme4x4.pl\/?s={search_term_string}"},"query-input":{"@type":"PropertyValueSpecification","valueRequired":true,"valueName":"search_term_string"}}],"inLanguage":"en-GB"}]}},"_links":{"self":[{"href":"https:\/\/xtreme4x4.pl\/en\/wp-json\/wp\/v2\/product\/112810","targetHints":{"allow":["GET"]}}],"collection":[{"href":"https:\/\/xtreme4x4.pl\/en\/wp-json\/wp\/v2\/product"}],"about":[{"href":"https:\/\/xtreme4x4.pl\/en\/wp-json\/wp\/v2\/types\/product"}],"wp:featuredmedia":[{"embeddable":true,"href":"https:\/\/xtreme4x4.pl\/en\/wp-json\/wp\/v2\/media\/121229"}],"wp:attachment":[{"href":"https:\/\/xtreme4x4.pl\/en\/wp-json\/wp\/v2\/media?parent=112810"}],"wp:term":[{"taxonomy":"product_brand","embeddable":true,"href":"https:\/\/xtreme4x4.pl\/en\/wp-json\/wp\/v2\/product_brand?post=112810"},{"taxonomy":"product_cat","embeddable":true,"href":"https:\/\/xtreme4x4.pl\/en\/wp-json\/wp\/v2\/product_cat?post=112810"},{"taxonomy":"product_tag","embeddable":true,"href":"https:\/\/xtreme4x4.pl\/en\/wp-json\/wp\/v2\/product_tag?post=112810"}],"curies":[{"name":"wp","href":"https:\/\/api.w.org\/{rel}","templated":true}]}}

<ul>
<li>Materiał: elastomerowy poliuretan o wysokiej gęstości</li>
<li>Zestaw składający się z sześciu elementów</li>
<li>Dokładki boczne progów z przedłużeniami paki</li>
<li>Górne powierzchnie pokryte szarym podkładem przygotowanym do lakierowania</li>
<li>Dolne powierzchnie wykończone w satynowej czerni</li>
<li>Elastyczna i odporna na uderzenia konstrukcja</li>
<li>Możliwość lakierowania w kolorze nadwozia</li>
<li>Montaż za pomocą dwustronnej taśmy piankowej 3M i kleju PUR</li>
<li>Klipsy i elementy mocujące zabezpieczone przed korozją</li>
<li>Montaż bez wiercenia w metalowych elementach nadwozia</li>
<li>Możliwość późniejszego demontażu</li>
</ul>
<p><strong>Included in the set:</strong></p>
<ul>
<li>Prawa dokładka boczna progu</li>
<li>Lewa dokładka boczna progu</li>
<li>Prawa sekcja przedłużająca</li>
<li>Lewa sekcja przedłużająca</li>
<li>Prawe przedłużenie przy pace</li>
<li>Lewe przedłużenie przy pace</li>
<li>Mounting kit</li>
<li>Assembly instructions</li>
</ul>
<p><strong>Comments:</strong></p>
<ul>
<li>It suits <b>Just</b> do modeli Crew Cab z krótką paką</li>
<li>Górne powierzchnie są pokryte szarym podkładem przygotowanym do lakierowania</li>
<li>Montaż może wymagać wiercenia wyłącznie w dolnych elementach plastikowych</li>
<li>Przed montażem należy dokładnie oczyścić i odtłuścić powierzchnie nadwozia</li>
<li>Przed przyklejeniem należy sprawdzić prawidłowe ustawienie wszystkich elementów</li>
<li>W przypadku lakierowania powierzchnię należy wcześniej odpowiednio zmatowić</li>
</ul>

<p>Materiał: elastomerowy poliuretan o wysokiej gęstości Zestaw składający się z sześciu elementów Dokładki boczne progów z przedłużeniami paki Górne powierzchnie pokryte szarym podkładem przygotowanym do lakierowania Dolne powierzchnie wykończone w satynowej czerni Elastyczna i odporna na uderzenia konstrukcja Możliwość lakierowania w kolorze nadwozia Montaż za pomocą dwustronnej taśmy piankowej 3M i kleju PUR Klipsy i</p>
<div class="klb-readmore button"><a class="btn link" href="https://xtreme4x4.pl/en/product/dokladki-boczne-progow-z-przedluzeniami-paki-air-design/">Read More <i class="klbth-icon-right-arrow"></i></a></div>

<!-- This site is optimized with the Yoast SEO plugin v28.4 - https://yoast.com/product/yoast-seo-wordpress/ -->
<title>Dokładki boczne progów z przedłużeniami paki Air Design - Sklep Xtreme 4x4</title>
<meta name="description" content="Dokładki boczne progów z przedłużeniami paki Air Design do kupienia w naszym sklepie. Sprawdź!" />
<meta name="robots" content="index, follow, max-snippet:-1, max-image-preview:large, max-video-preview:-1" />
<link rel="canonical" href="https://xtreme4x4.pl/en/product/dokladki-boczne-progow-z-przedluzeniami-paki-air-design/" />
<meta property="og:locale" content="en_GB" />
<meta property="og:type" content="article" />
<meta property="og:title" content="Dokładki boczne progów z przedłużeniami paki Air Design - Sklep Xtreme 4x4" />
<meta property="og:description" content="Dokładki boczne progów z przedłużeniami paki Air Design do kupienia w naszym sklepie. Sprawdź!" />
<meta property="og:url" content="https://xtreme4x4.pl/en/product/dokladki-boczne-progow-z-przedluzeniami-paki-air-design/" />
<meta property="og:site_name" content="Xtreme 4x4" />
<meta property="article:modified_time" content="2026-09-04T07:49:41+00:00" />
<script type="application/ld+json" class="yoast-schema-graph">{"@context":"https:\/\/schema.org","@graph":[{"@type":"WebPage","@id":"https:\/\/xtreme4x4.pl\/produkt\/dokladki-boczne-progow-z-przedluzeniami-paki-air-design\/","url":"https:\/\/xtreme4x4.pl\/produkt\/dokladki-boczne-progow-z-przedluzeniami-paki-air-design\/","name":"Dokładki boczne progów z przedłużeniami paki Air Design - Sklep Xtreme 4x4","isPartOf":{"@id":"https:\/\/xtreme4x4.pl\/#website"},"primaryImageOfPage":{"@id":"https:\/\/xtreme4x4.pl\/produkt\/dokladki-boczne-progow-z-przedluzeniami-paki-air-design\/#primaryimage"},"image":{"@id":"https:\/\/xtreme4x4.pl\/produkt\/dokladki-boczne-progow-z-przedluzeniami-paki-air-design\/#primaryimage"},"thumbnailUrl":"https:\/\/xtreme4x4.pl\/wp-content\/uploads\/2026\/09\/dokladki-boczne-progow-z-przedluzeniami-paki-air-design.jpg","datePublished":"2026-09-04T07:49:40+00:00","dateModified":"2026-09-04T07:49:41+00:00","description":"Dokładki boczne progów z przedłużeniami paki Air Design do kupienia w naszym sklepie. Sprawdź!","breadcrumb":{"@id":"https:\/\/xtreme4x4.pl\/produkt\/dokladki-boczne-progow-z-przedluzeniami-paki-air-design\/#breadcrumb"},"inLanguage":"en-GB","potentialAction":[{"@type":"ReadAction","target":["https:\/\/xtreme4x4.pl\/produkt\/dokladki-boczne-progow-z-przedluzeniami-paki-air-design\/"]}]},{"@type":"ImageObject","inLanguage":"en-GB","@id":"https:\/\/xtreme4x4.pl\/produkt\/dokladki-boczne-progow-z-przedluzeniami-paki-air-design\/#primaryimage","url":"https:\/\/xtreme4x4.pl\/wp-content\/uploads\/2026\/09\/dokladki-boczne-progow-z-przedluzeniami-paki-air-design.jpg","contentUrl":"https:\/\/xtreme4x4.pl\/wp-content\/uploads\/2026\/09\/dokladki-boczne-progow-z-przedluzeniami-paki-air-design.jpg","width":1024,"height":1024},{"@type":"BreadcrumbList","@id":"https:\/\/xtreme4x4.pl\/produkt\/dokladki-boczne-progow-z-przedluzeniami-paki-air-design\/#breadcrumb","itemListElement":[{"@type":"ListItem","position":1,"name":"Strona główna","item":"https:\/\/xtreme4x4.pl\/"},{"@type":"ListItem","position":2,"name":"Sklep","item":"https:\/\/xtreme4x4.pl\/sklep\/"},{"@type":"ListItem","position":3,"name":"Dokładki boczne progów z przedłużeniami paki Air Design"}]},{"@type":"WebSite","@id":"https:\/\/xtreme4x4.pl\/#website","url":"https:\/\/xtreme4x4.pl\/","name":"Xtreme 4x4","description":"","potentialAction":[{"@type":"SearchAction","target":{"@type":"EntryPoint","urlTemplate":"https:\/\/xtreme4x4.pl\/?s={search_term_string}"},"query-input":{"@type":"PropertyValueSpecification","valueRequired":true,"valueName":"search_term_string"}}],"inLanguage":"en-GB"}]}</script>
<!-- / Yoast SEO plugin. -->

Dokładki boczne progów z przedłużeniami paki Air Design - Sklep Xtreme 4x4

Dokładki boczne progów z przedłużeniami paki Air Design do kupienia w naszym sklepie. Sprawdź!

Strona główna

Dokładki boczne progów z przedłużeniami paki Air Design
