{"id":112120,"date":"2026-09-04T07:44:42","date_gmt":"2026-09-04T07:44:42","guid":{"rendered":"https:\/\/xtreme4x4.pl\/produkt\/mocowanie-kompresora-pod-fotel-arb-2\/"},"modified":"2026-09-04T07:44:42","modified_gmt":"2026-09-04T07:44:42","slug":"mocowanie-kompresora-pod-fotel-arb-2","status":"publish","type":"product","link":"https:\/\/xtreme4x4.pl\/en\/product\/mocowanie-kompresora-pod-fotel-arb-2\/","title":{"rendered":"Mocowanie kompresora pod fotel ARB"},"content":{"rendered":"<ul>\n<li>Kompatybilne z kompresorami CKMTA, CKMA lub CKSA<\/li>\n<li>Material: steel<\/li>\n<li>Miejsce monta\u017cu: Pod fotelem kierowcy, lub przedniego pasa\u017cera<\/li>\n<li>Monta\u017c bez wiercenia, wykorzystuje fabryczne punkty<\/li>\n<li>Pozwala na monta\u017c opcjonalnych dodatk\u00f3w ARB<\/li>\n<\/ul>\n<p><strong>Comments:<\/strong><\/p>\n<ul>\n<li>It suits <strong>Just<\/strong> do kompresor\u00f3w ARB: CKMTA, CKMA lub CKSA<\/li>\n<li>Nie pasuje do modeli z fotelami z systemem sk\u0142adania i przesuwania typu &#8222;Tip and Slide&#8221;, fotelami z niskimi wspornikami monta\u017cowymi oraz fotelami z przyspawanymi mocowaniami czujnik\u00f3w po\u0142o\u017cenia na wewn\u0119trznych prowadnicach.<\/li>\n<\/ul>","protected":false},"excerpt":{"rendered":"<p>Kompatybilne z kompresorami CKMTA, CKMA lub CKSA Materia\u0142: stal Miejsce monta\u017cu: Pod fotelem kierowcy, lub przedniego pasa\u017cera Monta\u017c bez wiercenia, wykorzystuje fabryczne punkty Pozwala na monta\u017c opcjonalnych dodatk\u00f3w ARB Uwagi: Pasuje tylko do kompresor\u00f3w ARB: CKMTA, CKMA lub CKSA Nie pasuje do modeli z fotelami z systemem sk\u0142adania i przesuwania typu &#8222;Tip and Slide&#8221;, fotelami<\/p>\n<div class=\"klb-readmore button\"><a class=\"btn link\" href=\"https:\/\/xtreme4x4.pl\/en\/product\/mocowanie-kompresora-pod-fotel-arb-2\/\">Read More <i class=\"klbth-icon-right-arrow\"><\/i><\/a><\/div>","protected":false},"featured_media":119391,"template":"","meta":[],"product_brand":[],"product_cat":[533],"product_tag":[],"class_list":["post-112120","product","type-product","status-publish","has-post-thumbnail","product_cat-kompresory-i-osprzet","first","instock","shipping-taxable","purchasable","product-type-simple"],"yoast_head":"<!-- This site is optimized with the Yoast SEO plugin v28.4 - https:\/\/yoast.com\/product\/yoast-seo-wordpress\/ -->\n<title>Mocowanie kompresora pod fotel ARB - Sklep Xtreme 4x4<\/title>\n<meta name=\"description\" content=\"Mocowanie kompresora pod fotel ARB do kupienia w naszym sklepie. Sprawd\u017a!\" \/>\n<meta name=\"robots\" content=\"index, follow, max-snippet:-1, max-image-preview:large, max-video-preview:-1\" \/>\n<link rel=\"canonical\" href=\"https:\/\/xtreme4x4.pl\/en\/product\/mocowanie-kompresora-pod-fotel-arb-2\/\" \/>\n<meta property=\"og:locale\" content=\"en_GB\" \/>\n<meta property=\"og:type\" content=\"article\" \/>\n<meta property=\"og:title\" content=\"Mocowanie kompresora pod fotel ARB - Sklep Xtreme 4x4\" \/>\n<meta property=\"og:description\" content=\"Mocowanie kompresora pod fotel ARB do kupienia w naszym sklepie. Sprawd\u017a!\" \/>\n<meta property=\"og:url\" content=\"https:\/\/xtreme4x4.pl\/en\/product\/mocowanie-kompresora-pod-fotel-arb-2\/\" \/>\n<meta property=\"og:site_name\" content=\"Xtreme 4x4\" \/>\n<script type=\"application\/ld+json\" class=\"yoast-schema-graph\">{\"@context\":\"https:\\\/\\\/schema.org\",\"@graph\":[{\"@type\":\"WebPage\",\"@id\":\"https:\\\/\\\/xtreme4x4.pl\\\/produkt\\\/mocowanie-kompresora-pod-fotel-arb-2\\\/\",\"url\":\"https:\\\/\\\/xtreme4x4.pl\\\/produkt\\\/mocowanie-kompresora-pod-fotel-arb-2\\\/\",\"name\":\"Mocowanie kompresora pod fotel ARB - Sklep Xtreme 4x4\",\"isPartOf\":{\"@id\":\"https:\\\/\\\/xtreme4x4.pl\\\/#website\"},\"primaryImageOfPage\":{\"@id\":\"https:\\\/\\\/xtreme4x4.pl\\\/produkt\\\/mocowanie-kompresora-pod-fotel-arb-2\\\/#primaryimage\"},\"image\":{\"@id\":\"https:\\\/\\\/xtreme4x4.pl\\\/produkt\\\/mocowanie-kompresora-pod-fotel-arb-2\\\/#primaryimage\"},\"thumbnailUrl\":\"https:\\\/\\\/xtreme4x4.pl\\\/wp-content\\\/uploads\\\/2026\\\/09\\\/mocowanie-kompresora-pod-fotel-arb-4.png\",\"datePublished\":\"2026-09-04T07:44:42+00:00\",\"description\":\"Mocowanie kompresora pod fotel ARB do kupienia w naszym sklepie. Sprawd\u017a!\",\"breadcrumb\":{\"@id\":\"https:\\\/\\\/xtreme4x4.pl\\\/produkt\\\/mocowanie-kompresora-pod-fotel-arb-2\\\/#breadcrumb\"},\"inLanguage\":\"en-GB\",\"potentialAction\":[{\"@type\":\"ReadAction\",\"target\":[\"https:\\\/\\\/xtreme4x4.pl\\\/produkt\\\/mocowanie-kompresora-pod-fotel-arb-2\\\/\"]}]},{\"@type\":\"ImageObject\",\"inLanguage\":\"en-GB\",\"@id\":\"https:\\\/\\\/xtreme4x4.pl\\\/produkt\\\/mocowanie-kompresora-pod-fotel-arb-2\\\/#primaryimage\",\"url\":\"https:\\\/\\\/xtreme4x4.pl\\\/wp-content\\\/uploads\\\/2026\\\/09\\\/mocowanie-kompresora-pod-fotel-arb-4.png\",\"contentUrl\":\"https:\\\/\\\/xtreme4x4.pl\\\/wp-content\\\/uploads\\\/2026\\\/09\\\/mocowanie-kompresora-pod-fotel-arb-4.png\",\"width\":1024,\"height\":1024},{\"@type\":\"BreadcrumbList\",\"@id\":\"https:\\\/\\\/xtreme4x4.pl\\\/produkt\\\/mocowanie-kompresora-pod-fotel-arb-2\\\/#breadcrumb\",\"itemListElement\":[{\"@type\":\"ListItem\",\"position\":1,\"name\":\"Strona g\u0142\u00f3wna\",\"item\":\"https:\\\/\\\/xtreme4x4.pl\\\/\"},{\"@type\":\"ListItem\",\"position\":2,\"name\":\"Sklep\",\"item\":\"https:\\\/\\\/xtreme4x4.pl\\\/sklep\\\/\"},{\"@type\":\"ListItem\",\"position\":3,\"name\":\"Mocowanie kompresora pod fotel ARB\"}]},{\"@type\":\"WebSite\",\"@id\":\"https:\\\/\\\/xtreme4x4.pl\\\/#website\",\"url\":\"https:\\\/\\\/xtreme4x4.pl\\\/\",\"name\":\"Xtreme 4x4\",\"description\":\"\",\"potentialAction\":[{\"@type\":\"SearchAction\",\"target\":{\"@type\":\"EntryPoint\",\"urlTemplate\":\"https:\\\/\\\/xtreme4x4.pl\\\/?s={search_term_string}\"},\"query-input\":{\"@type\":\"PropertyValueSpecification\",\"valueRequired\":true,\"valueName\":\"search_term_string\"}}],\"inLanguage\":\"en-GB\"}]}<\/script>\n<!-- \/ Yoast SEO plugin. -->","yoast_head_json":{"title":"Mocowanie kompresora pod fotel ARB - Sklep Xtreme 4x4","description":"Mocowanie kompresora pod fotel ARB do kupienia w naszym sklepie. Sprawd\u017a!","robots":{"index":"index","follow":"follow","max-snippet":"max-snippet:-1","max-image-preview":"max-image-preview:large","max-video-preview":"max-video-preview:-1"},"canonical":"https:\/\/xtreme4x4.pl\/en\/product\/mocowanie-kompresora-pod-fotel-arb-2\/","og_locale":"en_GB","og_type":"article","og_title":"Mocowanie kompresora pod fotel ARB - Sklep Xtreme 4x4","og_description":"Mocowanie kompresora pod fotel ARB do kupienia w naszym sklepie. Sprawd\u017a!","og_url":"https:\/\/xtreme4x4.pl\/en\/product\/mocowanie-kompresora-pod-fotel-arb-2\/","og_site_name":"Xtreme 4x4","schema":{"@context":"https:\/\/schema.org","@graph":[{"@type":"WebPage","@id":"https:\/\/xtreme4x4.pl\/produkt\/mocowanie-kompresora-pod-fotel-arb-2\/","url":"https:\/\/xtreme4x4.pl\/produkt\/mocowanie-kompresora-pod-fotel-arb-2\/","name":"Mocowanie kompresora pod fotel ARB - Sklep Xtreme 4x4","isPartOf":{"@id":"https:\/\/xtreme4x4.pl\/#website"},"primaryImageOfPage":{"@id":"https:\/\/xtreme4x4.pl\/produkt\/mocowanie-kompresora-pod-fotel-arb-2\/#primaryimage"},"image":{"@id":"https:\/\/xtreme4x4.pl\/produkt\/mocowanie-kompresora-pod-fotel-arb-2\/#primaryimage"},"thumbnailUrl":"https:\/\/xtreme4x4.pl\/wp-content\/uploads\/2026\/09\/mocowanie-kompresora-pod-fotel-arb-4.png","datePublished":"2026-09-04T07:44:42+00:00","description":"Mocowanie kompresora pod fotel ARB do kupienia w naszym sklepie. Sprawd\u017a!","breadcrumb":{"@id":"https:\/\/xtreme4x4.pl\/produkt\/mocowanie-kompresora-pod-fotel-arb-2\/#breadcrumb"},"inLanguage":"en-GB","potentialAction":[{"@type":"ReadAction","target":["https:\/\/xtreme4x4.pl\/produkt\/mocowanie-kompresora-pod-fotel-arb-2\/"]}]},{"@type":"ImageObject","inLanguage":"en-GB","@id":"https:\/\/xtreme4x4.pl\/produkt\/mocowanie-kompresora-pod-fotel-arb-2\/#primaryimage","url":"https:\/\/xtreme4x4.pl\/wp-content\/uploads\/2026\/09\/mocowanie-kompresora-pod-fotel-arb-4.png","contentUrl":"https:\/\/xtreme4x4.pl\/wp-content\/uploads\/2026\/09\/mocowanie-kompresora-pod-fotel-arb-4.png","width":1024,"height":1024},{"@type":"BreadcrumbList","@id":"https:\/\/xtreme4x4.pl\/produkt\/mocowanie-kompresora-pod-fotel-arb-2\/#breadcrumb","itemListElement":[{"@type":"ListItem","position":1,"name":"Strona g\u0142\u00f3wna","item":"https:\/\/xtreme4x4.pl\/"},{"@type":"ListItem","position":2,"name":"Sklep","item":"https:\/\/xtreme4x4.pl\/sklep\/"},{"@type":"ListItem","position":3,"name":"Mocowanie kompresora pod fotel ARB"}]},{"@type":"WebSite","@id":"https:\/\/xtreme4x4.pl\/#website","url":"https:\/\/xtreme4x4.pl\/","name":"Xtreme 4x4","description":"","potentialAction":[{"@type":"SearchAction","target":{"@type":"EntryPoint","urlTemplate":"https:\/\/xtreme4x4.pl\/?s={search_term_string}"},"query-input":{"@type":"PropertyValueSpecification","valueRequired":true,"valueName":"search_term_string"}}],"inLanguage":"en-GB"}]}},"_links":{"self":[{"href":"https:\/\/xtreme4x4.pl\/en\/wp-json\/wp\/v2\/product\/112120","targetHints":{"allow":["GET"]}}],"collection":[{"href":"https:\/\/xtreme4x4.pl\/en\/wp-json\/wp\/v2\/product"}],"about":[{"href":"https:\/\/xtreme4x4.pl\/en\/wp-json\/wp\/v2\/types\/product"}],"wp:featuredmedia":[{"embeddable":true,"href":"https:\/\/xtreme4x4.pl\/en\/wp-json\/wp\/v2\/media\/119391"}],"wp:attachment":[{"href":"https:\/\/xtreme4x4.pl\/en\/wp-json\/wp\/v2\/media?parent=112120"}],"wp:term":[{"taxonomy":"product_brand","embeddable":true,"href":"https:\/\/xtreme4x4.pl\/en\/wp-json\/wp\/v2\/product_brand?post=112120"},{"taxonomy":"product_cat","embeddable":true,"href":"https:\/\/xtreme4x4.pl\/en\/wp-json\/wp\/v2\/product_cat?post=112120"},{"taxonomy":"product_tag","embeddable":true,"href":"https:\/\/xtreme4x4.pl\/en\/wp-json\/wp\/v2\/product_tag?post=112120"}],"curies":[{"name":"wp","href":"https:\/\/api.w.org\/{rel}","templated":true}]}}

<ul>
<li>Kompatybilne z kompresorami CKMTA, CKMA lub CKSA</li>
<li>Material: steel</li>
<li>Miejsce montażu: Pod fotelem kierowcy, lub przedniego pasażera</li>
<li>Montaż bez wiercenia, wykorzystuje fabryczne punkty</li>
<li>Pozwala na montaż opcjonalnych dodatków ARB</li>
</ul>
<p><strong>Comments:</strong></p>
<ul>
<li>It suits <strong>Just</strong> do kompresorów ARB: CKMTA, CKMA lub CKSA</li>
<li>Nie pasuje do modeli z fotelami z systemem składania i przesuwania typu &#8222;Tip and Slide&#8221;, fotelami z niskimi wspornikami montażowymi oraz fotelami z przyspawanymi mocowaniami czujników położenia na wewnętrznych prowadnicach.</li>
</ul>

<p>Kompatybilne z kompresorami CKMTA, CKMA lub CKSA Materiał: stal Miejsce montażu: Pod fotelem kierowcy, lub przedniego pasażera Montaż bez wiercenia, wykorzystuje fabryczne punkty Pozwala na montaż opcjonalnych dodatków ARB Uwagi: Pasuje tylko do kompresorów ARB: CKMTA, CKMA lub CKSA Nie pasuje do modeli z fotelami z systemem składania i przesuwania typu &#8222;Tip and Slide&#8221;, fotelami</p>
<div class="klb-readmore button"><a class="btn link" href="https://xtreme4x4.pl/en/product/mocowanie-kompresora-pod-fotel-arb-2/">Read More <i class="klbth-icon-right-arrow"></i></a></div>

<!-- This site is optimized with the Yoast SEO plugin v28.4 - https://yoast.com/product/yoast-seo-wordpress/ -->
<title>Mocowanie kompresora pod fotel ARB - Sklep Xtreme 4x4</title>
<meta name="description" content="Mocowanie kompresora pod fotel ARB do kupienia w naszym sklepie. Sprawdź!" />
<meta name="robots" content="index, follow, max-snippet:-1, max-image-preview:large, max-video-preview:-1" />
<link rel="canonical" href="https://xtreme4x4.pl/en/product/mocowanie-kompresora-pod-fotel-arb-2/" />
<meta property="og:locale" content="en_GB" />
<meta property="og:type" content="article" />
<meta property="og:title" content="Mocowanie kompresora pod fotel ARB - Sklep Xtreme 4x4" />
<meta property="og:description" content="Mocowanie kompresora pod fotel ARB do kupienia w naszym sklepie. Sprawdź!" />
<meta property="og:url" content="https://xtreme4x4.pl/en/product/mocowanie-kompresora-pod-fotel-arb-2/" />
<meta property="og:site_name" content="Xtreme 4x4" />
<script type="application/ld+json" class="yoast-schema-graph">{"@context":"https:\/\/schema.org","@graph":[{"@type":"WebPage","@id":"https:\/\/xtreme4x4.pl\/produkt\/mocowanie-kompresora-pod-fotel-arb-2\/","url":"https:\/\/xtreme4x4.pl\/produkt\/mocowanie-kompresora-pod-fotel-arb-2\/","name":"Mocowanie kompresora pod fotel ARB - Sklep Xtreme 4x4","isPartOf":{"@id":"https:\/\/xtreme4x4.pl\/#website"},"primaryImageOfPage":{"@id":"https:\/\/xtreme4x4.pl\/produkt\/mocowanie-kompresora-pod-fotel-arb-2\/#primaryimage"},"image":{"@id":"https:\/\/xtreme4x4.pl\/produkt\/mocowanie-kompresora-pod-fotel-arb-2\/#primaryimage"},"thumbnailUrl":"https:\/\/xtreme4x4.pl\/wp-content\/uploads\/2026\/09\/mocowanie-kompresora-pod-fotel-arb-4.png","datePublished":"2026-09-04T07:44:42+00:00","description":"Mocowanie kompresora pod fotel ARB do kupienia w naszym sklepie. Sprawdź!","breadcrumb":{"@id":"https:\/\/xtreme4x4.pl\/produkt\/mocowanie-kompresora-pod-fotel-arb-2\/#breadcrumb"},"inLanguage":"en-GB","potentialAction":[{"@type":"ReadAction","target":["https:\/\/xtreme4x4.pl\/produkt\/mocowanie-kompresora-pod-fotel-arb-2\/"]}]},{"@type":"ImageObject","inLanguage":"en-GB","@id":"https:\/\/xtreme4x4.pl\/produkt\/mocowanie-kompresora-pod-fotel-arb-2\/#primaryimage","url":"https:\/\/xtreme4x4.pl\/wp-content\/uploads\/2026\/09\/mocowanie-kompresora-pod-fotel-arb-4.png","contentUrl":"https:\/\/xtreme4x4.pl\/wp-content\/uploads\/2026\/09\/mocowanie-kompresora-pod-fotel-arb-4.png","width":1024,"height":1024},{"@type":"BreadcrumbList","@id":"https:\/\/xtreme4x4.pl\/produkt\/mocowanie-kompresora-pod-fotel-arb-2\/#breadcrumb","itemListElement":[{"@type":"ListItem","position":1,"name":"Strona główna","item":"https:\/\/xtreme4x4.pl\/"},{"@type":"ListItem","position":2,"name":"Sklep","item":"https:\/\/xtreme4x4.pl\/sklep\/"},{"@type":"ListItem","position":3,"name":"Mocowanie kompresora pod fotel ARB"}]},{"@type":"WebSite","@id":"https:\/\/xtreme4x4.pl\/#website","url":"https:\/\/xtreme4x4.pl\/","name":"Xtreme 4x4","description":"","potentialAction":[{"@type":"SearchAction","target":{"@type":"EntryPoint","urlTemplate":"https:\/\/xtreme4x4.pl\/?s={search_term_string}"},"query-input":{"@type":"PropertyValueSpecification","valueRequired":true,"valueName":"search_term_string"}}],"inLanguage":"en-GB"}]}</script>
<!-- / Yoast SEO plugin. -->

Mocowanie kompresora pod fotel ARB do kupienia w naszym sklepie. Sprawdź!

Strona główna
